-52
Let a(u) = -u**3 + 6*u**2 + 47*u + 124. Give a(-5).
164
Let q(o) = 5*o**3 + 28*o**2 + 62*o - 1. What is q(-7)?
-778
Let z(x) = -48*x - 87. Calculate z(-5).
153
Let j(i) = 30*i + 1927. What is j(-55)?
277
Let v(w) = 8*w**2 - 254*w - 17. What is v(31)?
-203
Let j(p) = -13*p**2 - 368*p + 268. Determine j(-29).
7
Let d(k) = -k**3 + 9*k**2 - 8*k + 3. Determine d(7).
45
Let z(o) = -o**3 + 4*o + 27. Determine z(0).
27
Let q(w) = 3*w**2 + 209*w + 1373. What is q(-7)?
57
Let f(o) = 415*o + 31141. What is f(-75)?
16
Let x(j) = -2*j**2 + 726*j - 13716. Give x(20).
4
Let a(x) = 3*x**2 - 26*x - 3. Calculate a(9).
6
Let k(g) = 3*g**2 + 994*g + 326. Give k(-331).
-5
Let q(m) = -2*m**3 + 13*m**2 + 2*m + 29. Determine q(7).
-6
Let b(v) = 22*v + 171. Give b(-15).
-159
Let g(l) = l**3 + 6*l**2 + 2*l - 2. Calculate g(-6).
-14
Let d(h) = h**2 + 54*h - 113. Determine d(2).
-1
Let t(n) = 2*n**3 + 200*n**2 - 768*n + 6655. Calculate t(-104).
-1
Let i(u) = -u**3 - 8*u**2 + 14*u - 36. Calculate i(-10).
24
Let u(x) = -1034*x - 3105. Determine u(-3).
-3
Let o(b) = -39*b - 233. Give o(-3).
-116
Let h(n) = 52*n - 45. Give h(1).
7
Let x(s) = 2*s**3 + 18*s**2 + 41*s + 11. Calculate x(-5).
6
Let l(p) = -23*p**2 - 47*p - 169. Calculate l(-4).
-349
Let f(b) = b**3 + 20*b**2 + 67*b + 145. Calculate f(-13).
457
Let p(m) = -m**2 + 82*m + 125. Calculate p(83).
42
Let p(n) = -90*n + 4155. Give p(46).
15
Let b(z) = -z**2 + 102*z + 2588. Determine b(-21).
5
Let a(u) = 27*u - 748. Give a(30).
62
Let g(d) = 2*d**3 - 27*d**2 + 132*d - 1106. What is g(12)?
46
Let h(q) = q**2 + 189*q + 4892. Determine h(-31).
-6
Let g(v) = 2*v**3 + 46*v**2 - 48*v + 29. What is g(-24)?
29
Let p(a) = -4*a**2 + 34*a - 77. Determine p(3).
-11
Let k(z) = z**3 + 14*z**2 - 30*z - 546. Give k(-13).
13
Let d(i) = -3*i**2 + 11*i + 502. What is d(-11)?
18
Let w(q) = 6*q + 38. Give w(0).
38
Let x(c) = 17*c**3 - 8*c**2 - 7*c + 15. Determine x(2).
105
Let o(q) = q**3 + 16*q**2 + 26*q + 299. Determine o(-14).
327
Let v(w) = 2*w**2 + 53*w + 419. Determine v(-10).
89
Let m(s) = -s**3 + 27*s**2 - 40*s - 59. Determine m(25).
191
Let a(i) = -225*i - 6479. Calculate a(-29).
46
Let g(w) = 81*w**2 - 8*w + 31. Determine g(2).
339
Let u(c) = -c**3 + 33*c**2 - 139*c - 42. What is u(28)?
-14
Let s(d) = 2*d**2 + 2*d + 5. Calculate s(-5).
45
Let y(h) = -4*h**2 - 16*h + 6. What is y(-4)?
6
Let x(d) = d**3 + 45*d**2 - 102*d + 29. Give x(2).
13
Let t(k) = -3357*k + 67145. Determine t(20).
5
Let x(k) = k**2 - 158*k - 38271. What is x(290)?
9
Let a(r) = -2*r**3 - 86*r**2 - 97*r - 106. What is a(-42)?
440
Let r(j) = -j**3 - 14*j**2 - 17*j - 44. Determine r(-12).
-128
Let j(c) = -5*c - 82. What is j(-5)?
-57
Let m(g) = -g**3 + g**2 + 7*g + 3. Give m(-2).
1
Let i(z) = z**2 - 30*z + 16. Calculate i(28).
-40
Let s(h) = 2*h**2 + 18*h - 576. Determine s(-22).
-4
Let b(g) = g**2 - 777*g - 3900. Calculate b(-5).
10
Let z(a) = -a**2 + 12*a + 224. Calculate z(21).
35
Let d(a) = 14*a**3 - 16*a**2 + 15*a - 21. Determine d(2).
57
Let v(k) = 236*k + 11336. Give v(-48).
8
Let r(w) = -11*w**2 - 211*w - 42. Calculate r(-19).
-4
Let q(t) = -195*t + 210. Determine q(1).
15
Let p(j) = 9*j**2 + 9*j - 10. What is p(0)?
-10
Let a(f) = -25*f + 32. What is a(-6)?
182
Let h(x) = -2*x**3 - 12*x**2 - 16*x + 13. Calculate h(-6).
109
Let a(g) = 1814*g - 1807. Determine a(1).
7
Let c(v) = v**2 - 67*v - 3843. What is c(103)?
-135
Let z(v) = 6*v**2 - 195*v + 710. Calculate z(4).
26
Let m(i) = -2*i**2 + 8*i + 28. Give m(-5).
-62
Let j(n) = -1758*n + 22847. Give j(13).
-7
Let y(v) = v**3 + 4*v - 5. Give y(3).
34
Let m(j) = -20*j + 1418. Calculate m(71).
-2
Let t(u) = u**3 + 25*u**2 + 14*u - 223. Give t(-24).
17
Let n(a) = -3*a**2 + 56*a + 184. Determine n(-3).
-11
Let o(x) = x**3 - 9*x**2 + 6*x - 66. Calculate o(9).
-12
Let t(x) = -189*x**3 + 4*x - 4. Determine t(1).
-189
Let m(l) = l**3 + 41*l**2 + 294*l + 2946. What is m(-35)?
6
Let y(m) = -185*m**2 - 54019*m + 290. Give y(-292).
-2
Let w(h) = -h**2 - 77*h + 1475. Determine w(16).
-13
Let c(l) = 52*l - 1605. Determine c(31).
7
Let t(z) = -z**3 + 9*z**2 - 6*z - 64. Give t(7).
-8
Let y(k) = 20*k - 68. Determine y(3).
-8
Let z(t) = 60*t**3 + 2*t**2 - 6*t + 4. Determine z(1).
60
Let i(c) = 340*c - 101320. Calculate i(298).
0
Let t(m) = -9*m - 638. What is t(-47)?
-215
Let t(j) = 12*j**2 - 243*j - 465. What is t(22)?
-3
Let u(m) = 2*m**3 + 90*m**2 + 89*m + 50. What is u(-44)?
6
Let n(b) = 3*b**3 - 45*b**2 + 36*b - 27. What is n(11)?
-1083
Let a(j) = -j**3 - 104*j**2 - 2688*j + 5. Determine a(-48).
5
Let g(w) = w**2 + 343*w + 7654. Calculate g(-24).
-2
Let f(m) = m**3 - 42*m**2 + 375*m + 52. Calculate f(29).
-6
Let s(q) = q**3 + 6*q**2 + 2*q - 1. Give s(-6).
-13
Let j(r) = r**3 + 23*r**2 + 39*r + 93. Determine j(-23).
-804
Let q(t) = -t**3 - 17*t**2 - 85*t - 73. Calculate q(-7).
32
Let z(m) = 31*m**2 + 5*m. What is z(-1)?
26
Let x(w) = -134*w + 947. Give x(7).
9
Let l(r) = -4*r**2 + 228*r + 680. Calculate l(-3).
-40
Let y(c) = -25*c - 343. Calculate y(-12).
-43
Let g(i) = 8*i - 1098. What is g(90)?
-378
Let b(r) = 1630*r - 30953. Give b(19).
17
Let b(m) = -11*m**2 - 8*m - 36. What is b(-7)?
-519
Let o(k) = 3*k**2 + 645*k + 647. Determine o(-1).
5
Let x(i) = 3*i**2 - 42*i - 51. Determine x(15).
-6
Let p(i) = -i**2 + 106*i - 682. Give p(7).
11
Let g(k) = k**2 + 11*k - 153. What is g(7)?
-27
Let l(n) = 2*n**3 - 110*n**2 + 3*n - 161. What is l(55)?
4
Let s(m) = -51*m**2 + 99*m. What is s(2)?
-6
Let y(q) = -q**3 - 46*q**2 + 96*q + 9. Calculate y(-48).
9
Let m(v) = -4*v**3 + 3*v**2 - 44*v + 45. What is m(1)?
0
Let v(g) = -4*g**2 + 53*g + 22. Determine v(14).
-20
Let d(o) = 101*o - 8183. Calculate d(80).
-103
Let p(l) = 70*l + 126. What is p(-2)?
-14
Let y(b) = -66*b**3 - 3*b**2 + 3*b - 1. Calculate y(1).
-67
Let b(f) = -758*f + 50777. Determine b(67).
-9
Let o(b) = 23*b**3 - 70*b**2 + 17*b - 41. Calculate o(3).
1
Let v(u) = 28*u**2 - 1936*u + 278. Give v(69).
2
Let c(d) = -d**2 - 76*d + 48. Determine c(-76).
48
Let x(n) = 4294*n + 42936. Give x(-10).
-4
Let b(x) = 2*x**3 - 33*x**2 - 196*x + 3728. What is b(14)?
4
Let n(i) = -10*i + 822. What is n(83)?
-8
Let r(i) = 49*i + 3. What is r(6)?
297
Let w(i) = -584*i - 4671. Give w(-8).
1
Let s(i) = -2*i**3 + 11*i**2 - 769*i + 4650. What is s(6)?
0
Let u(q) = -5*q**2 + 25*q - 115. Give u(11).
-445
Let p(b) = -114*b - 283. What is p(-5)?
287
Let c(x) = 93*x - 1161. Calculate c(11).
-138
Let m(o) = o**3 + 16*o**2 + 37*o - 57. Calculate m(-13).
-31
Let k(m) = -m**3 - 24*m**2 - 4*m - 1489. Determine k(-26).
-33
Let p(g) = g**3 - 8*g**2 + 3*g + 4. Give p(2).
-14
Let r(f) = -8*f**3 - 41*f**2 - 13*f + 48. What is r(-5)?
88
Let x(u) = -3*u**2 + 102*u + 220. What is x(-2)?
4
Let o(s) = -51*s + 81. What is o(7)?
-276
Let o(u) = -2*u**3 + 28*u**2 - 30*u + 42. Give o(13).
-10
Let o(c) = 3*c**3 + 52*c**2 + 29*c - 116. What is o(-17)?
-320
Let d(n) = -2807*n + 22456. Give d(8).
0
Let r(k) = -2*k**3 + 127*k**2 - 60*k - 199. Calculate r(63).
-10
Let v(r) = -47*r + 1985. Determine v(42).
11
Let i(z) = -10*z - 726. Give i(-20).
-526
Let l(i) = 89*i - 1161. Determine l(13).
-4
Let y(a) = -1115*a - 7814. Determine y(-7).
-9
Let s(t) = -25*t**2 - 555*t - 114. Give s(-22).
-4
Let v(c) = -6*c**3 + 7*c**2 - 10*c + 2. Calculate v(3).
-127
Let o(t) = -105*t**2 + 92*t + 22. Determine o(1).
9
Let o(p) = 12*p**3 - 20*p**2 - 85*p - 8. Give o(-4).
-756
Let i(g) = -g**3 - 13*g**2 + 15*g - 19. What is i(-14)?
-33
Let z(c) = 17*c + 256. Determine z(-19).
-67
Let r(i) = -10*i + 17. Calculate r(2).
-3
Let m(x) = x**3 - 32*x**2 - 143*x - 7. What is m(-4)?
-11
Let h(t) = -91*t + 2008. Calculate h(22).
6
Let f(a) = 2*a**3 - 3*a**2 - 158*a - 35. What is f(-8)?
13
Let p(c) = -c**3 - 17*c**2 + 38*c + 14. Calculate p(-19).
14
Let a(w) = w**3 + 72*w**2 + 564*w - 165. Determine a(-63).
24
Let i(w) = 20*w**3 - 160*w**2 + 2*w - 30. Give i(8).
-14
Let h(z) = -z**3 + 8*z**2 - 264*z + 1835. Give h(7).
36
Let o(x) = 349*x + 12549. What is o(-36)?
-15
Let f(g) = 267*g**2 - 32*g + 32. What is f(1)?
267
Let y(a) = a**2 + a - 64. What is y(-12)?
68
Let r(s) = -2*s**3 - 12*s**2 + s - 97. What is r(-7)?
-6
Let x(a) = -5*a - 154. Determine x(-17).
-69
Let b(n) = -6*n - 246. What is b(-28)?
-78
Let t(p) = -p**2 - 13555*p + 54249. Give t(4).
